be ((-22)/66)/(1/(-51)). Suppose w*j = 48*j - 434. What is the remainder when j is divided by 9?
5
Let z be (42700/(-30))/14 - 2/(-3). Let n = -35 - z. What is the remainder when 218 is divided by n?
20
Let s = -316 - -783. Suppose 470*y = s*y + 249. Calculate the remainder when y is divided by 31.
21
Suppose 3*n = -5*c + 4*n + 419, -4*n = 5*c - 449. Calculate the remainder when 142 is divided by c.
57
Suppose 2*u - 210 + 58 = 0. Let a(t) = -10*t**3 - t**2 - 1197*t - 1197. Calculate the remainder when u is divided by a(-1).
4
Let s(j) = -5*j**2 + 4*j + 42. Let p(x) = -3*x**2 + 2*x + 21. Let d(b) = -7*p(b) + 4*s(b). Let q = 47 + -6. What is the remainder when q is divided by d(0)?
20
Let g = 10 - -71. Suppose -5*j - 5*k = -8*j - 91, -5*j = -k + 115. Let z(p) = p**3 + 22*p**2 + p + 39. What is the remainder when g is divided by z(j)?
13
What is the remainder when 1041 is divided by (2/((-8)/(-20)) + -5 + 3)*3?
6
Suppose 0 = -14*c + 175 + 541 + 264. Calculate the remainder when 87 is divided by c.
17
Let x(b) = 3*b**2 - 58*b - 480. What is the remainder when x(33) is divided by 125?
123
What is the remainder when 36/(13/(-1 + 105)) is divided by 58?
56
Let a(w) = w**2 - 7*w - 73. Let g be a(13). Suppose 4*j + 478 = t + 9*j, -g*t + 3*j + 2250 = 0. What is the remainder when t is divided by 91?
89
Let t(f) = 39*f**2 - 738*f + 59. What is the remainder when 125 is divided by t(19)?
9
Let i = -26 - -33. Let x(p) = p**2 + 7*p - 33. Let r be x(i). Suppose -14*m = -9*m - r. Calculate the remainder when m is divided by 4.
1
Calculate the remainder when (-105)/6*95094/(-189) is divided by 119.
118
Suppose 5*v - 53 + 8 = 0. Let u = -227 - -223. Let r(t) = -t**3 - 5*t**2 - 23*t + 3. What is the remainder when r(u) is divided by v?
7
Suppose 6*b - 3*b = 5*q + 10, -23 = -3*q - 4*b. Let i be -435*((-8)/(-12) - q). Let p = i - 119. Calculate the remainder when 72 is divided by p.
20
Let s(j) = 5*j**2 - 2*j + 12. Suppose 5*n = -3*v + 728, n - 6*n - 748 = -3*v. What is the remainder when v is divided by s(0)?
6
Let l = 611 + -183. Suppose -1282 = -6*v + l. Let z = v - 122. Calculate the remainder when z is divided by 41.
40
What is the remainder when 351 is divided by 12 + -13 - (-31 - (-1 + 3))?
31
Suppose 4*n = 7*n - 4*s - 173, -4*n + 4*s = -236. Suppose -325 = 7*i - 20*i. Calculate the remainder when n is divided by i.
13
Let s(y) = 11*y - 7. Let w be (-6)/(-10) + -58*(-46)/20. Let d = w - 131. What is the remainder when s(d) is divided by 18?
8
Let i = -1116 + 2709. Calculate the remainder when i is divided by 28.
25
Suppose 0 = 20*f - 22*f + 2. Let q(j) = 86*j**3 + 8*j**2 - 9*j - 1. Calculate the remainder when q(f) is divided by 3.
0
Let r = -13 + 8. Let g(l) = 2*l**2 + 8*l + 6. Suppose 11*c - 59 - 40 = 0. Calculate the remainder when g(r) is divided by c.
7
Let p = -241 - -272. Let b(l) = 6*l**2 + 1. Calculate the remainder when b(5) is divided by p.
27
Let v be (-4 + (-25)/(-10))/(9/(-30)). Suppose 2*w - 3*f - 3 = -1, v*f = 2*w + 2. What is the remainder when 21 - (0 - 5) - 6 is divided by w?
0
Suppose 2*m - 3*m + 4*a = -10, -7*a = 2*m - 20. What is the remainder when m is divided by (24/80*-4)/(6/(-50))?
0
Let t be -12*3/(60/25). Let w be 25/10*(-18)/t. Calculate the remainder when 64 is divided by w/(((-81)/(-102))/9).
30
Let g(c) = -c**3 + 11*c**2 - 7*c + 9. Let s be g(13). What is the remainder when 68 is divided by (s/(-56))/(1/((-4)/(-3)))?
8
Suppose 4*t = -2*q + 700, 6*t - 5*q - 686 = 2*t. Suppose -16*z + t = -13*z. Calculate the remainder when z is divided by 16.
10
Let h(m) = 16*m + 974. Calculate the remainder when 129 is divided by h(-58).
37
Let l = 27 + 373. Suppose 404*m - 116 = l*m. What is the remainder when 47 is divided by m?
18
Let f(c) = 5*c + 17. Let j be f(-3). Suppose -t = 4*l - 215, -2*l - j*t + 9 = -103. Let x(n) = 2*n - 5. What is the remainder when l is divided by x(6)?
4
Let c(z) = 7*z**2 + 21*z - 51. Let u(v) = -8*v**2 - 21*v + 50. Let k(q) = -7*c(q) - 6*u(q). Calculate the remainder when k(-12) is divided by 18.
3
Let w(t) = -5*t**2 + 76*t + 230. Let s be w(-3). Let r(n) = -4*n**2 - 1. Let c be r(-3). Let d = c - s. Calculate the remainder when 6 is divided by d.
0
Let a(p) = -p**2 + 18*p - 68. Calculate the remainder when 13 is divided by a(12).
1
Let r be (7 - 4)/(-3 + 0)*-10. Suppose 0 = r*f + 200 - 510. Let l(b) = 2*b**2 + 5*b + 3. Calculate the remainder when l(-8) is divided by f.
29
Suppose 3*x = -4*u + 139, 8*u - 12*u = 4*x - 136. What is the remainder when 443 is divided by u?
36
Suppose 0 = -224*j - 0*j + 4256. Suppose 5*c = -2*k + 252, -c = -2*c - 5*k + 32. Calculate the remainder when c is divided by j.
14
Let h(m) = 2*m**2 - 8*m + 3. Let r be h(5). Suppose 1870 = -8*b + r*b - 4*x, -b = -x - 374. Calculate the remainder when b is divided by 20.
14
Suppose -14*y + 0*y + 1624 = 0. Let j = y - 115. Calculate the remainder when j/(-1*2) + (-2210)/(-20) is divided by 57.
53
Calculate the remainder when 57 is divided by -2*-10*(36/8 - 2).
7
Calculate the remainder when (-6)/(-48)*(0 + 104) - -4571 is divided by 31.
27
Suppose h - 330 = -318. What is the remainder when 5782 is divided by h?
10
Suppose -7*o + 5*g = -147, 88*o - 2*g - 90 = 84*o. Calculate the remainder when 127 is divided by o.
23
Let d = -528 - -577. What is the remainder when (380/(-2))/(-1 - 0) is divided by d?
43
Suppose 3*c + 441 = -11*o + 14*o, 4*o + 2*c - 612 = 0. What is the remainder when o is divided by 30?
1
Let h(w) = -4*w + 5. Let p(v) = v**3 - 14*v**2 - v + 20. Let g be p(14). Let u be h(g). Let x = u + 37. Calculate the remainder when 35 is divided by x.
17
Suppose 2944*a + 300 = 2954*a. What is the remainder when 23579 is divided by a?
29
Let n(c) = -2*c - 19. Let u be ((-13)/2)/((-7)/(-14)). Suppose -4*a = 4*q - 248, 4*a + 2*q = -20 + 268. Calculate the remainder when a is divided by n(u).
6
Let o be 2/15 - 129/(-45). Suppose o*x - 28 = -4*x. Suppose 206 = x*j + 3*s - 27, -139 = -2*j + 3*s. Calculate the remainder when j is divided by 32.
30
Let d(y) = -y - 13. Let m be d(-20). Suppose -j + 17 = m. What is the remainder when 526/j - 4/(-10) is divided by 29?
24
Suppose 2*y - 10 = 0, -3*y = a - 20 + 5. Suppose -4*g + 197 = -i, -4*g - i + 216 - 29 = a. What is the remainder when 189 is divided by g?
45
Calculate the remainder when 404 is divided by 192 - 4 - (-39 + 26).
2
Let t(q) = -3. Let s(o) = 82*o + 229. Let f(r) = -s(r) + 4*t(r). Calculate the remainder when f(-4) is divided by 23.
18
Let h be 7 - ((-2)/(-6) - 26/(-39)). Suppose 4*s - 34 = h. Calculate the remainder when s is divided by 8.
2
Suppose 18*i - 4 = 21*i - 2*o, -4*i = o - 2. Suppose i = 23*s - 226 - 464. Calculate the remainder when 115 is divided by s.
25
Suppose 0 = 8*k + 2 + 14. Let o be (-18)/(k + 4/1). What is the remainder when 1408/18 + 2/o is divided by 20?
18
Let n = -15 + 41. Suppose 0 = 4*a - 2*b - 229 - 583, -3*b + 802 = 4*a. Calculate the remainder when a is divided by n.
20
Let u(d) = -d**2 + 10*d - 14. Let r be u(9). Suppose -6 = 3*v, -3*v = 4*k - 8*v - 106. What is the remainder when 4/8*r*284/(-10) is divided by k?
23
Suppose -6*b + 7*b + 2544 = 13*b. Calculate the remainder when 518 is divided by b.
94
Let q(g) be the first derivative of g**2 - 6*g + 14. Let u be q(0). What is the remainder when 37 is divided by ((-4)/u)/((-12)/(-234))?
11
Suppose 80*u - 75*u + 5*i = 405, 12*i - 15 = -u. Let w be (-55)/(-1) - (0 - 2). Let z = -39 + w. Calculate the remainder when u is divided by z.
15
Let j(b) = -b**3 - 15*b**2 - 29*b + 17. What is the remainder when j(-14) is divided by 32?
3
Suppose 3*y = 2*i - 1404, 2*i = 453*y - 455*y + 1394. Calculate the remainder when i is divided by 400.
299
Suppose 10*g - 2210 + 578 = -41*g. Suppose 118 = 2*j - 4*n - 90, 173 = 2*j + 3*n. What is the remainder when j is divided by g?
30
Let d(c) = -c**2 - 7*c - 14. Let u = -6 + 0. Let v be d(u). Calculate the remainder when 23 is divided by (-45)/(-18)*v/10 - -15.
10
Let a(r) = -642*r - 2487. Calculate the remainder when a(-4) is divided by 33.
15
Let h(x) be the second derivative of -x**3/3 + 21*x**2/2 + 13*x. Calculate the remainder when h(-5) is divided by 17.
14
Let h(v) = 15*v**3 + v**2 - 51*v + 106. What is the remainder when h(6) is divided by 140?
136
Let d(t) = 10*t - 